{"id":143,"date":"2025-03-30T14:51:03","date_gmt":"2025-03-30T12:51:03","guid":{"rendered":"https:\/\/habanera-club.fr\/vitrine\/?page_id=143"},"modified":"2025-08-01T20:17:03","modified_gmt":"2025-08-01T18:17:03","slug":"contact","status":"publish","type":"page","link":"https:\/\/habanera-club.fr\/vitrine\/contact\/","title":{"rendered":"Contact"},"content":{"rendered":"\n<div class=\"wp-block-media-text is-stacked-on-mobile\"><figure class=\"wp-block-media-text__media\"><a href=\"https:\/\/habanera-club.fr\/vitrine\/wp-content\/uploads\/2025\/07\/IMG_1810-1-scaled.jpg\"><img loading=\"lazy\" decoding=\"async\" width=\"769\" height=\"1024\" src=\"http:\/\/habanera-club.fr\/vitrine\/wp-content\/uploads\/2025\/07\/IMG_1810-1-769x1024.jpg\" alt=\"\" class=\"wp-image-249 size-full\" srcset=\"https:\/\/habanera-club.fr\/vitrine\/wp-content\/uploads\/2025\/07\/IMG_1810-1-769x1024.jpg 769w, https:\/\/habanera-club.fr\/vitrine\/wp-content\/uploads\/2025\/07\/IMG_1810-1-225x300.jpg 225w, https:\/\/habanera-club.fr\/vitrine\/wp-content\/uploads\/2025\/07\/IMG_1810-1-768x1022.jpg 768w, https:\/\/habanera-club.fr\/vitrine\/wp-content\/uploads\/2025\/07\/IMG_1810-1-1154x1536.jpg 1154w, https:\/\/habanera-club.fr\/vitrine\/wp-content\/uploads\/2025\/07\/IMG_1810-1-1539x2048.jpg 1539w, https:\/\/habanera-club.fr\/vitrine\/wp-content\/uploads\/2025\/07\/IMG_1810-1-scaled.jpg 1923w\" sizes=\"auto, (max-width: 769px) 100vw, 769px\" \/><\/a><\/figure><div class=\"wp-block-media-text__content\">\n<h4 class=\"wp-block-heading has-text-align-center\"><strong><u>Chrystelle CARRE<\/u><\/strong><\/h4>\n\n\n\n<ul class=\"wp-block-list\">\n<li>Formation en danses de soci\u00e9t\u00e9<\/li>\n<\/ul>\n\n\n\n<ul class=\"wp-block-list\">\n<li>Formation d\u2019animateurs en danse<\/li>\n<\/ul>\n\n\n\n<ul class=\"wp-block-list\">\n<li>Membre du Bureau Directeur FFDANSE<\/li>\n<\/ul>\n\n\n\n<ul class=\"wp-block-list\">\n<li>Pr\u00e9sidente de la Commission Formation FFDANSE<\/li>\n<\/ul>\n\n\n\n<p class=\"has-text-align-center\">Mobile: 06 60 42 00 83<\/p>\n\n\n\n<p><em><a href=\"mailto:chrystelle.carre@wanadoo.fr\" target=\"_blank\" rel=\"noreferrer noopener\">chrystelle.carre@wanadoo.fr<\/a><\/em><\/p>\n<\/div><\/div>\n\n\n\n<hr class=\"wp-block-separator has-alpha-channel-opacity\"\/>\n\n\n\n<div class=\"wp-block-group alignfull has-global-padding is-layout-constrained wp-container-core-group-is-layout-f6cc5ae6 wp-block-group-is-layout-constrained\" style=\"margin-top:0;margin-bottom:0;padding-top:var(--wp--preset--spacing--30);padding-right:var(--wp--preset--spacing--50);padding-bottom:var(--wp--preset--spacing--30);padding-left:var(--wp--preset--spacing--50)\">\n<div class=\"wp-block-group is-vertical is-content-justification-center is-layout-flex wp-container-core-group-is-layout-ce155fab wp-block-group-is-layout-flex\">\n<h2 class=\"wp-block-heading has-text-align-center has-xx-large-font-size\">Rencontrer notre \u00e9quipe<\/h2>\n\n\n\n<p class=\"has-text-align-center\"><\/p>\n<\/div>\n\n\n\n<div style=\"height:var(--wp--preset--spacing--30)\" aria-hidden=\"true\" class=\"wp-block-spacer\"><\/div>\n\n\n\n<div class=\"wp-block-columns alignwide is-layout-flex wp-container-core-columns-is-layout-4935966c wp-block-columns-is-layout-flex\" style=\"padding-right:0;padding-left:0\">\n<div class=\"wp-block-column is-layout-flow wp-block-column-is-layout-flow\">\n<figure class=\"wp-block-image aligncenter size-full is-resized is-style-rounded is-style-rounded--1\"><a href=\"https:\/\/habanera-club.fr\/vitrine\/wp-content\/uploads\/2025\/03\/chrystelle.jpg\"><img loading=\"lazy\" decoding=\"async\" width=\"120\" height=\"150\" src=\"http:\/\/habanera-club.fr\/vitrine\/wp-content\/uploads\/2025\/03\/chrystelle.jpg\" alt=\"\" class=\"wp-image-151\" style=\"width:auto;height:200px\"\/><\/a><\/figure>\n\n\n\n<div class=\"wp-block-group is-vertical is-content-justification-center is-nowrap is-layout-flex wp-container-core-group-is-layout-21d4e958 wp-block-group-is-layout-flex\">\n<p class=\"has-text-align-center has-small-font-size\"><strong>Chrystelle CARRE<\/strong><\/p>\n\n\n\n<p class=\"has-text-align-center has-small-font-size\">Pr\u00e9sidente<\/p>\n<\/div>\n<\/div>\n\n\n\n<div class=\"wp-block-column is-layout-flow wp-block-column-is-layout-flow\">\n<figure class=\"wp-block-image aligncenter size-full is-resized is-style-rounded is-style-rounded--2\"><a href=\"https:\/\/habanera-club.fr\/vitrine\/wp-content\/uploads\/2025\/03\/francis.png\"><img loading=\"lazy\" decoding=\"async\" width=\"197\" height=\"197\" src=\"https:\/\/habanera-club.fr\/vitrine\/wp-content\/uploads\/2025\/03\/francis.png\" alt=\"\" class=\"wp-image-147\" style=\"aspect-ratio:1;object-fit:cover;width:auto;height:200px\" srcset=\"https:\/\/habanera-club.fr\/vitrine\/wp-content\/uploads\/2025\/03\/francis.png 197w, https:\/\/habanera-club.fr\/vitrine\/wp-content\/uploads\/2025\/03\/francis-150x150.png 150w\" sizes=\"auto, (max-width: 197px) 100vw, 197px\" \/><\/a><\/figure>\n\n\n\n<div class=\"wp-block-group is-vertical is-content-justification-center is-nowrap is-layout-flex wp-container-core-group-is-layout-21d4e958 wp-block-group-is-layout-flex\">\n<p class=\"has-text-align-center has-small-font-size\"><strong>Francis DELMOTTE<\/strong><\/p>\n\n\n\n<p class=\"has-text-align-center has-small-font-size\">Tr\u00e9sorier<\/p>\n<\/div>\n<\/div>\n\n\n\n<div class=\"wp-block-column is-layout-flow wp-block-column-is-layout-flow\">\n<figure class=\"wp-block-image aligncenter size-full is-resized is-style-rounded is-style-rounded--3\"><a href=\"https:\/\/habanera-club.fr\/vitrine\/wp-content\/uploads\/2025\/03\/benoit.png\"><img loading=\"lazy\" decoding=\"async\" width=\"400\" height=\"430\" src=\"https:\/\/habanera-club.fr\/vitrine\/wp-content\/uploads\/2025\/03\/benoit.png\" alt=\"\" class=\"wp-image-148\" style=\"aspect-ratio:1;object-fit:cover;width:auto;height:200px\" srcset=\"https:\/\/habanera-club.fr\/vitrine\/wp-content\/uploads\/2025\/03\/benoit.png 400w, https:\/\/habanera-club.fr\/vitrine\/wp-content\/uploads\/2025\/03\/benoit-279x300.png 279w\" sizes=\"auto, (max-width: 400px) 100vw, 400px\" \/><\/a><\/figure>\n\n\n\n<div class=\"wp-block-group is-vertical is-content-justification-center is-nowrap is-layout-flex wp-container-core-group-is-layout-63bfd6c1 wp-block-group-is-layout-flex\">\n<p class=\"has-text-align-center has-small-font-size\"><strong>Benoit VERNER<\/strong><\/p>\n\n\n\n<p class=\"has-text-align-center has-small-font-size\">Secr\u00e9taire<\/p>\n<\/div>\n<\/div>\n<\/div>\n\n\n\n<div class=\"wp-block-columns alignwide is-layout-flex wp-container-core-columns-is-layout-4935966c wp-block-columns-is-layout-flex\" style=\"padding-right:0;padding-left:0\">\n<div class=\"wp-block-column is-layout-flow wp-block-column-is-layout-flow\">\n<figure class=\"wp-block-image aligncenter size-full is-resized is-style-rounded is-style-rounded--4\"><a href=\"https:\/\/habanera-club.fr\/vitrine\/wp-content\/uploads\/2025\/03\/inconnu-1.png\"><img loading=\"lazy\" decoding=\"async\" width=\"120\" height=\"115\" src=\"https:\/\/habanera-club.fr\/vitrine\/wp-content\/uploads\/2025\/03\/inconnu-1.png\" alt=\"\" class=\"wp-image-154\" style=\"aspect-ratio:1;object-fit:cover;width:auto;height:200px\"\/><\/a><\/figure>\n\n\n\n<div class=\"wp-block-group is-vertical is-content-justification-center is-nowrap is-layout-flex wp-container-core-group-is-layout-21d4e958 wp-block-group-is-layout-flex\">\n<p class=\"has-text-align-center has-small-font-size\"><strong>Bernard et Anne-Marie<\/strong> <strong>LEPINE<\/strong><\/p>\n\n\n\n<p class=\"has-text-align-center has-small-font-size\">R\u00e9f\u00e9rents du site de Grugies et pr\u00e9sidents de Chabadanse<\/p>\n<\/div>\n<\/div>\n\n\n\n<div class=\"wp-block-column is-layout-flow wp-block-column-is-layout-flow\">\n<figure class=\"wp-block-image aligncenter size-full is-resized is-style-rounded is-style-rounded--5\"><a href=\"https:\/\/habanera-club.fr\/vitrine\/wp-content\/uploads\/2025\/03\/lydie.png\"><img loading=\"lazy\" decoding=\"async\" width=\"366\" height=\"447\" src=\"https:\/\/habanera-club.fr\/vitrine\/wp-content\/uploads\/2025\/03\/lydie.png\" alt=\"\" class=\"wp-image-152\" style=\"aspect-ratio:1;object-fit:cover;width:auto;height:200px\" srcset=\"https:\/\/habanera-club.fr\/vitrine\/wp-content\/uploads\/2025\/03\/lydie.png 366w, https:\/\/habanera-club.fr\/vitrine\/wp-content\/uploads\/2025\/03\/lydie-246x300.png 246w\" sizes=\"auto, (max-width: 366px) 100vw, 366px\" \/><\/a><\/figure>\n\n\n\n<div class=\"wp-block-group is-vertical is-content-justification-center is-nowrap is-layout-flex wp-container-core-group-is-layout-21d4e958 wp-block-group-is-layout-flex\">\n<p class=\"has-text-align-center has-small-font-size\"><strong>Lydie VAN SANTE<\/strong><\/p>\n\n\n\n<p class=\"has-text-align-center has-small-font-size\"> R\u00e9f\u00e9rente costumes et du site de Laon<\/p>\n<\/div>\n<\/div>\n\n\n\n<div class=\"wp-block-column is-layout-flow wp-block-column-is-layout-flow\">\n<figure class=\"wp-block-image aligncenter size-full is-resized is-style-rounded is-style-rounded--6\"><a href=\"https:\/\/habanera-club.fr\/vitrine\/wp-content\/uploads\/2025\/03\/inconnu.png\"><img loading=\"lazy\" decoding=\"async\" width=\"120\" height=\"115\" src=\"https:\/\/habanera-club.fr\/vitrine\/wp-content\/uploads\/2025\/03\/inconnu.png\" alt=\"\" class=\"wp-image-153\" style=\"aspect-ratio:1;object-fit:cover;width:auto;height:200px\"\/><\/a><\/figure>\n\n\n\n<div class=\"wp-block-group is-vertical is-content-justification-center is-nowrap is-layout-flex wp-container-core-group-is-layout-63bfd6c1 wp-block-group-is-layout-flex\">\n<p class=\"has-text-align-center has-small-font-size\"><strong>V\u00e9ronique LLORENTE <\/strong><\/p>\n\n\n\n<p class=\"has-text-align-center has-small-font-size\">R\u00e9f\u00e9rente des chor\u00e9graphies &amp; d\u00e9mos<\/p>\n<\/div>\n<\/div>\n\n\n\n<div class=\"wp-block-column is-layout-flow wp-block-column-is-layout-flow\">\n<figure class=\"wp-block-image aligncenter size-full is-resized is-style-rounded is-style-rounded--7\"><a href=\"https:\/\/habanera-club.fr\/vitrine\/wp-content\/uploads\/2025\/03\/maryline.png\"><img loading=\"lazy\" decoding=\"async\" width=\"600\" height=\"626\" src=\"https:\/\/habanera-club.fr\/vitrine\/wp-content\/uploads\/2025\/03\/maryline.png\" alt=\"\" class=\"wp-image-150\" style=\"aspect-ratio:1;object-fit:cover;width:auto;height:200px\" srcset=\"https:\/\/habanera-club.fr\/vitrine\/wp-content\/uploads\/2025\/03\/maryline.png 600w, https:\/\/habanera-club.fr\/vitrine\/wp-content\/uploads\/2025\/03\/maryline-288x300.png 288w\" sizes=\"auto, (max-width: 600px) 100vw, 600px\" \/><\/a><\/figure>\n\n\n\n<div class=\"wp-block-group is-vertical is-content-justification-center is-nowrap is-layout-flex wp-container-core-group-is-layout-63bfd6c1 wp-block-group-is-layout-flex\">\n<p class=\"has-text-align-center has-small-font-size\"><strong>Marilyne<\/strong> <strong>NOBLEMAIRE<\/strong><\/p>\n\n\n\n<p class=\"has-text-align-center has-small-font-size\">R\u00e9f\u00e9rente d\u00e9mos &amp; costumes (V\u00e9nizel)<\/p>\n<\/div>\n<\/div>\n<\/div>\n\n\n\n<div class=\"wp-block-columns alignwide is-layout-flex wp-container-core-columns-is-layout-4935966c wp-block-columns-is-layout-flex\" style=\"padding-right:0;padding-left:0\">\n<div class=\"wp-block-column is-layout-flow wp-block-column-is-layout-flow\">\n<figure class=\"wp-block-image aligncenter size-full is-resized is-style-rounded is-style-rounded--8\"><a href=\"https:\/\/habanera-club.fr\/vitrine\/wp-content\/uploads\/2025\/03\/franck.jpg\"><img loading=\"lazy\" decoding=\"async\" width=\"600\" height=\"783\" src=\"https:\/\/habanera-club.fr\/vitrine\/wp-content\/uploads\/2025\/03\/franck.jpg\" alt=\"\" class=\"wp-image-156\" style=\"aspect-ratio:1;object-fit:cover;width:auto;height:200px\" srcset=\"https:\/\/habanera-club.fr\/vitrine\/wp-content\/uploads\/2025\/03\/franck.jpg 600w, https:\/\/habanera-club.fr\/vitrine\/wp-content\/uploads\/2025\/03\/franck-230x300.jpg 230w\" sizes=\"auto, (max-width: 600px) 100vw, 600px\" \/><\/a><\/figure>\n\n\n\n<div class=\"wp-block-group is-vertical is-content-justification-center is-nowrap is-layout-flex wp-container-core-group-is-layout-21d4e958 wp-block-group-is-layout-flex\">\n<p class=\"has-text-align-center has-small-font-size\"><strong>Franck VIAULT<\/strong><\/p>\n\n\n\n<p class=\"has-text-align-center has-small-font-size\">R\u00e9f\u00e9rent bricolage et sono<\/p>\n<\/div>\n<\/div>\n\n\n\n<div class=\"wp-block-column is-layout-flow wp-block-column-is-layout-flow\">\n<figure class=\"wp-block-image aligncenter size-full is-resized is-style-rounded is-style-rounded--9\"><a href=\"https:\/\/habanera-club.fr\/vitrine\/wp-content\/uploads\/2025\/03\/denis.jpg\"><img loading=\"lazy\" decoding=\"async\" width=\"600\" height=\"800\" src=\"https:\/\/habanera-club.fr\/vitrine\/wp-content\/uploads\/2025\/03\/denis.jpg\" alt=\"\" class=\"wp-image-157\" style=\"aspect-ratio:1;object-fit:cover;width:auto;height:200px\" srcset=\"https:\/\/habanera-club.fr\/vitrine\/wp-content\/uploads\/2025\/03\/denis.jpg 600w, https:\/\/habanera-club.fr\/vitrine\/wp-content\/uploads\/2025\/03\/denis-225x300.jpg 225w\" sizes=\"auto, (max-width: 600px) 100vw, 600px\" \/><\/a><\/figure>\n\n\n\n<div class=\"wp-block-group is-vertical is-content-justification-center is-nowrap is-layout-flex wp-container-core-group-is-layout-21d4e958 wp-block-group-is-layout-flex\">\n<p class=\"has-text-align-center has-small-font-size\"><strong>Denis PONCELET<\/strong><\/p>\n\n\n\n<p class=\"has-text-align-center has-small-font-size\">R\u00e9f\u00e9rent conseils esth\u00e9tique, d\u00e9coration<\/p>\n<\/div>\n<\/div>\n\n\n\n<div class=\"wp-block-column is-layout-flow wp-block-column-is-layout-flow\">\n<figure class=\"wp-block-image aligncenter size-full is-resized is-style-rounded is-style-rounded--10\"><a href=\"https:\/\/habanera-club.fr\/vitrine\/wp-content\/uploads\/2025\/03\/david.png\"><img loading=\"lazy\" decoding=\"async\" width=\"481\" height=\"482\" src=\"http:\/\/habanera-club.fr\/vitrine\/wp-content\/uploads\/2025\/03\/david.png\" alt=\"\" class=\"wp-image-158\" style=\"aspect-ratio:1;object-fit:cover;width:auto;height:200px\" srcset=\"https:\/\/habanera-club.fr\/vitrine\/wp-content\/uploads\/2025\/03\/david.png 481w, https:\/\/habanera-club.fr\/vitrine\/wp-content\/uploads\/2025\/03\/david-300x300.png 300w, https:\/\/habanera-club.fr\/vitrine\/wp-content\/uploads\/2025\/03\/david-150x150.png 150w\" sizes=\"auto, (max-width: 481px) 100vw, 481px\" \/><\/a><\/figure>\n\n\n\n<div class=\"wp-block-group is-vertical is-content-justification-center is-nowrap is-layout-flex wp-container-core-group-is-layout-63bfd6c1 wp-block-group-is-layout-flex\">\n<p class=\"has-text-align-center has-small-font-size\"><strong>David DUBOIS&nbsp;: <\/strong><\/p>\n\n\n\n<p class=\"has-text-align-center has-small-font-size\">R\u00e9f\u00e9rent informatique et site Internet du club<\/p>\n<\/div>\n<\/div>\n<\/div>\n<\/div>\n","protected":false},"excerpt":{"rendered":"<p>Rencontrer notre \u00e9quipe Chrystelle CARRE Pr\u00e9sidente Francis DELMOTTE Tr\u00e9sorier Benoit VERNER Secr\u00e9taire Bernard et Anne-Marie LEPINE R\u00e9f\u00e9rents du site de Grugies et pr\u00e9sidents de Chabadanse Lydie VAN SANTE R\u00e9f\u00e9rente costumes et du site de Laon V\u00e9ronique LLORENTE R\u00e9f\u00e9rente des chor\u00e9graphies &amp; d\u00e9mos Marilyne NOBLEMAIRE R\u00e9f\u00e9rente d\u00e9mos &amp; costumes (V\u00e9nizel) Franck VIAULT R\u00e9f\u00e9rent bricolage et sono [&hellip;]<\/p>\n","protected":false},"author":1,"featured_media":115,"parent":0,"menu_order":0,"comment_status":"closed","ping_status":"closed","template":"page-no-title","meta":{"footnotes":""},"class_list":["post-143","page","type-page","status-publish","has-post-thumbnail","hentry"],"_links":{"self":[{"href":"https:\/\/habanera-club.fr\/vitrine\/wp-json\/wp\/v2\/pages\/143","targetHints":{"allow":["GET"]}}],"collection":[{"href":"https:\/\/habanera-club.fr\/vitrine\/wp-json\/wp\/v2\/pages"}],"about":[{"href":"https:\/\/habanera-club.fr\/vitrine\/wp-json\/wp\/v2\/types\/page"}],"author":[{"embeddable":true,"href":"https:\/\/habanera-club.fr\/vitrine\/wp-json\/wp\/v2\/users\/1"}],"replies":[{"embeddable":true,"href":"https:\/\/habanera-club.fr\/vitrine\/wp-json\/wp\/v2\/comments?post=143"}],"version-history":[{"count":11,"href":"https:\/\/habanera-club.fr\/vitrine\/wp-json\/wp\/v2\/pages\/143\/revisions"}],"predecessor-version":[{"id":625,"href":"https:\/\/habanera-club.fr\/vitrine\/wp-json\/wp\/v2\/pages\/143\/revisions\/625"}],"wp:featuredmedia":[{"embeddable":true,"href":"https:\/\/habanera-club.fr\/vitrine\/wp-json\/wp\/v2\/media\/115"}],"wp:attachment":[{"href":"https:\/\/habanera-club.fr\/vitrine\/wp-json\/wp\/v2\/media?parent=143"}],"curies":[{"name":"wp","href":"https:\/\/api.w.org\/{rel}","templated":true}]}}